 2524?
2
What is the hundreds digit of 673?
6
What is the tens digit of 5961?
6
What is the units digit of 4460?
0
What is the units digit of 27559?
9
What is the units digit of 24376?
6
What is the tens digit of 7390?
9
What is the units digit of 10725?
5
What is the units digit of 42819?
9
What is the hundreds digit of 6111?
1
What is the tens digit of 16848?
4
What is the units digit of 2527?
7
What is the ten thousands digit of 38402?
3
What is the units digit of 14357?
7
What is the thousands digit of 10562?
0
What is the hundred thousands digit of 138917?
1
What is the ten thousands digit of 68053?
6
What is the thousands digit of 2994?
2
What is the tens digit of 527?
2
What is the thousands digit of 1192?
1
What is the hundreds digit of 15190?
1
What is the thousands digit of 3725?
3
What is the hundreds digit of 366?
3
What is the thousands digit of 1181?
1
What is the tens digit of 12202?
0
What is the tens digit of 6869?
6
What is the hundred thousands digit of 160253?
1
What is the hundreds digit of 11151?
1
What is the tens digit of 1758?
5
What is the units digit of 970?
0
What is the hundreds digit of 138914?
9
What is the units digit of 542?
2
What is the hundreds digit of 201?
2
What is the tens digit of 2002?
0
What is the units digit of 3754?
4
What is the thousands digit of 1528?
1
What is the units digit of 5258?
8
What is the thousands digit of 1091?
1
What is the thousands digit of 6009?
6
What is the hundreds digit of 431?
4
What is the units digit of 11656?
6
What is the units digit of 122438?
8
What is the hundreds digit of 8851?
8
What is the tens digit of 4309?
0
What is the tens digit of 11?
1
What is the tens digit of 139?
3
What is the tens digit of 1266?
6
What is the units digit of 4267?
7
What is the hundreds digit of 8708?
7
What is the thousands digit of 2934?
2
What is the units digit of 19084?
4
What is the hundreds digit of 1355?
3
What is the hundreds digit of 5420?
4
What is the units digit of 4160?
0
What is the hundreds digit of 789?
7
What is the units digit of 1030?
0
What is the units digit of 86?
6
What is the hundreds digit of 1161?
1
What is the hundreds digit of 9347?
3
What is the ten thousands digit of 17471?
1
What is the hundreds digit of 1168?
1
What is the units digit of 9032?
2
What is the thousands digit of 3027?
3
What is the units digit of 10913?
3
What is the hundreds digit of 4973?
9
What is the units digit of 8969?
9
What is the hundreds digit of 153036?
0
What is the hundreds digit of 6791?
7
What is the thousands digit of 7920?
7
What is the thousands digit of 30058?
0
What is the tens digit of 5533?
3
What is the thousands digit of 3198?
3
What is the thousands digit of 2895?
2
What is the tens digit of 745?
4
What is the ten thousands digit of 49450?
4
What is the units digit of 23987?
7
What is the tens digit of 17697?
9
What is the hundreds digit of 151?
1
What is the tens digit of 4344?
4
What is the tens digit of 7592?
9
What is the tens digit of 7156?
5
What is the tens digit of 7124?
2
What is the units digit of 4115?
5
What is the thousands digit of 14527?
4
What is the hundreds digit of 6360?
3
What is the tens digit of 478?
7
What is the hundreds digit of 1985?
9
What is the hundreds digit of 661?
6
What is the units digit of 52123?
3
What is the hundreds digit of 581?
5
What is the thousands digit of 1062?
1
What is the hundreds digit of 2081?
0
What is the tens digit of 302?
0
What is the hundreds digit of 4649?
6
What is the ten thousands digit of 56149?
5
What is the thousands digit of 2321?
2
What is the units digit of 71?
1
What is the thousands digit of 5448?
5
What is the units digit of 4381?
1
What is the hundreds digit of 1687?
6
What is the units digit of 902?
2
What is the hundreds digit of 1917?
9
What is the tens digit of 27539?
3
What is the units digit of 233?
3
What is the tens digit of 30333?
3
What is the units digit of 1267?
7
What is the tens digit of 16097?
9
What is the units digit of 12607?
7
What is the tens digit of 5559?
5
What is the thousands digit of 10245?
0
What is the hundreds digit of 77006?
0
What is the hundreds digit of 2836?
8
What is the hundreds digit of 1303?
3
What is the units digit of 991?
1
What is the thousands digit of 24146?
4
What is the thousands digit of 15643?
5
What is the units digit of 13231?
1
What is the hundreds digit of 79943?
9
What is the units digit of 162051?
1
What is the tens digit of 4898?
9
What is the hundreds digit of 8422?
4
What is the thousands digit of 15783?
5
What is the tens digit of 686?
8
What is the ten thousands digit of 35683?
3
What is the thousands digit of 1223?
1
What is the units digit of 94582?
2
What is the hundred thousands digit of 104684?
1
What is the thousands digit of 29324?
9
What is the hundreds digit of 3224?
2
What is the thousands digit of 4578?
4
What is the units digit of 17030?
0
What is the tens digit of 1057?
5
What is the hundreds digit of 17713?
7
What is the thousands digit of 9894?
9
What is the hundreds digit of 216?
2
What is the thousands digit of 41125?
1
What is the hundreds digit of 2019?
0
What is the units digit of 61586?
6
What is the units digit of 284?
4
What is the units digit of 16775?
5
What is the units digit of 1351?
1
What is the hundreds digit of 303?
3
What is the thousands digit of 5928?
5
What is the tens digit of 2607?
0
What is the units digit of 3393?
3
What is the hundreds digit of 20388?
3
What is the units digit of 1010?
0
What is the ten thousands digit of 74253?
7
What is the units digit of 4429?
9
What is the hundreds digit of 8732?
7
What is the hundreds digit of 2097?
0
What is the units digit of 8762?
2
What is the ten thousands digit of 79041?
7
What is the units digit of 1022?
2
What is the units digit of 2588?
8
What is the hundreds digit of 1046?
0
What is the tens digit of 42100?
0
What is the ten thousands digit of 75876?
7
What is the units digit of 39120?
0
What is the tens digit of 1102?
0
What is the ten thousands digit of 118833?
1
What is the units digit of 3798?
8
What is the thousands digit of 2468?
2
What is the thousands digit of 97115?
7
What is the units digit of 89?
9
What is the units digit of 7668?
8
What is the thousands digit of 2884?
2
What is the tens digit of 122715?
1
What is the tens digit of 646?
4
What is the units digit of 258?
8
What is the hundreds digit of 12945?
9
What is the tens digit of 8241?
4
What is the tens digit of 1460?
6
What is the tens digit of 4311?
1
What is the hundreds digit of 6609?
6
What is the hundreds digit of 1998?
9
What is the units digit of 2341?
1
What is the hundreds digit of 2487?
4
What is the hundreds digit of 6474?
4
What is the tens digit of 62?
6
What is the thousands digit of 5344?
5
What is the hundreds digit of 1210?
2
What is the units digit of 4232?
2
What is the ten thousands digit of 80403?
8
What is the hundreds digit of 39155?
1
What is the tens digit of 549?
4
What is the ten thousands digit of 42893?
4
What is the ten thousands digit of 40512?
4
What is the thousands digit of 131649?
1
What is the hundreds digit of 20449?
4
What is the hundreds digit of 4126?
1
What is the units digit of 14246?
6
What is the ten thousands digit of 11396?
1
What is the tens digit of 110?
1
What is the tens digit of 216?
1
What is the tens digit of 15406?
0
What is the hundreds digit of 130?
1
What is the thousands digit of 97850?
7
What is the tens digit of 1082?
8
What is the thousands digit of 27036?
7
What is the ten thousands digit of 172006?
7
What is the tens digit of 8095?
9
What is the units digit of 2066?
6
What is the tens digit of 905?
0
What is the tens digit of 978?
7
What is the thousands digit of 47418?
7
What is the units digit of 4996?
6
What is the hundreds digit of 832?
8
What is the hundreds digit of 3473?
4
What is the units digit of 46390?
0
What is the thousands digit of 12911?
2
What is the thousands digit of 2301?
2
What is the hundreds digit of 3835?
8
What is the units digit of 110926?
6
What is the units digit of 8082?
2
What is the hundreds digit of 885?
8
What is the hundreds digit of 26820?
8
What is the thousands digit of 2914?
2
What is the tens digit of 1208?
0
What is the hundreds digit of 6289?
2
What is the tens digit of 323?
2
W